What is the ten millions digit of 1362231973?
6
What is the ten thousands digit of 108999090?
9
What is the hundred thousands digit of 1159337088?
3
What is the thousands digit of 204684386?
4
What is the millions digit of 28423179?
8
What is the thousands digit of 108370912?
0
What is the billions digit of 2263307124?
2
What is the hundreds digit of 2341566702?
7
What is the hundred thousands digit of 136989695?
9
What is the thousands digit of 4673778?
3
What is the billions digit of 1497562606?
1
What is the hundred thousands digit of 103993863?
9
What is the units digit of 2256028380?
0
What is the hundred thousands digit of 178699355?
6
What is the hundred thousands digit of 179145965?
1
What is the hundred millions digit of 363885311?
3
What is the hundred thousands digit of 53096378?
0
What is the units digit of 2263547211?
1
What is the ten millions digit of 585023309?
8
What is the millions digit of 11756612?
1
What is the tens digit of 1877718870?
7
What is the thousands digit of 1972403976?
3
What is the thousands digit of 85311559?
1
What is the hundreds digit of 54690656?
6
What is the millions digit of 67503709?
7
What is the hundred thousands digit of 555868793?
8
What is the hundred millions digit of 215126304?
2
What is the units digit of 1824799846?
6
What is the ten millions digit of 318753917?
1
What is the millions digit of 1646739803?
6
What is the units digit of 33537883?
3
What is the ten millions digit of 11699604?
1
What is the hundreds digit of 295500380?
3
What is the hundred thousands digit of 60960184?
9
What is the tens digit of 990781859?
5
What is the ten thousands digit of 7520588?
2
What is the millions digit of 1499612500?
9
What is the ten thousands digit of 62731930?
3
What is the ten millions digit of 52722867?
5
What is the units digit of 963739283?
3
What is the units digit of 113846794?
4
What is the hundred millions digit of 131169246?
1
What is the units digit of 145877248?
8
What is the thousands digit of 4918239248?
9
What is the millions digit of 298929185?
8
What is the hundred thousands digit of 335410122?
4
What is the hundred millions digit of 1719186138?
7
What is the ten millions digit of 88648490?
8
What is the hundreds digit of 76238621?
6
What is the ten millions digit of 786000609?
8
What is the millions digit of 137980525?
7
What is the millions digit of 1709085380?
9
What is the ten thousands digit of 3238778813?
7
What is the millions digit of 280715535?
0
What is the ten thousands digit of 91370238?
7
What is the tens digit of 817589170?
7
What is the hundred millions digit of 787205020?
7
What is the hundreds digit of 995802052?
0
What is the thousands digit of 81272294?
2
What is the hundred thousands digit of 7412789940?
7
What is the hundred thousands digit of 142555557?
5
What is the ten thousands digit of 19682218?
8
What is the hundred thousands digit of 109784585?
7
What is the millions digit of 105936681?
5
What is the ten millions digit of 189647134?
8
What is the units digit of 3971548531?
1
What is the hundreds digit of 44716042?
0
What is the hundreds digit of 13174265?
2
What is the hundred millions digit of 128844208?
1
What is the millions digit of 6386757721?
6
What is the thousands digit of 121045563?
5
What is the units digit of 746066652?
2
What is the ten millions digit of 58037246?
5
What is the ten millions digit of 2508380875?
0
What is the millions digit of 18477022?
8
What is the hundred thousands digit of 67321047?
3
What is the hundred thousands digit of 2249201?
2
What is the ten millions digit of 104871491?
0
What is the tens digit of 278627743?
4
What is the ten thousands digit of 6192307081?
0
What is the units digit of 41903058?
8
What is the tens digit of 335129512?
1
What is the hundred millions digit of 8794879160?
7
What is the hundreds digit of 90031329?
3
What is the ten thousands digit of 668124177?
2
What is the thousands digit of 73486301?
6
What is the tens digit of 127770286?
8
What is the millions digit of 356408845?
6
What is the thousands digit of 697284460?
4
What is the thousands digit of 136548429?
8
What is the millions digit of 498444488?
8
What is the ten thousands digit of 5987518710?
1
What is the hundreds digit of 78457654?
6
What is the tens digit of 575672?
7
What is the hundred thousands digit of 1172697848?
6
What is the units digit of 179156274?
4
What is the thousands digit of 898941481?
1
What is the units digit of 40233292?
2
What is the ten thousands digit of 3213456?
1
What is the hundred thousands digit of 663311512?
3
What is the units digit of 239898266?
6
What is the hundred millions digit of 169429081?
1
What is the hundreds digit of 466381?
3
What is the units digit of 9021431?
1
What is the ten thousands digit of 46316014?
1
What is the ten thousands digit of 1387047298?
4
What is the millions digit of 61574830?
1
What is the units digit of 5682462349?
9
What is the ten thousands digit of 543883733?
8
What is the units digit of 722556614?
4
What is the hundreds digit of 48874463?
4
What is the hundred millions digit of 1064489512?
0
What is the units digit of 26803633?
3
What is the thousands digit of 256532847?
2
What is the hundred millions digit of 114205131?
1
What is the hundred thousands digit of 2448763210?
7
What is the hundred millions digit of 4100572120?
1
What is the ten thousands digit of 22670297?
7
What is the ten millions digit of 704293283?
0
What is the ten millions digit of 2972283104?
7
What is the ten thousands digit of 142125526?
2
What is the ten millions digit of 2181427382?
8
What is the tens digit of 1568647?
4
What is the ten millions digit of 963155467?
6
What is the hundreds digit of 997326246?
2
What is the hundreds digit of 1280797767?
7
What is the tens digit of 778944892?
9
What is the millions digit of 69362297?
9
What is the ten thousands digit of 34283403?
8
What is the ten millions digit of 47571762?
4
What is the ten thousands digit of 6935291695?
9
What is the hundreds digit of 39083090?
0
What is the ten thousands digit of 17972403?
7
What is the ten millions digit of 140461476?
4
What is the hundred thousands digit of 68325523?
3
What is the ten thousands digit of 1987836286?
3
What is the hundreds digit of 1767769133?
1
What is the thousands digit of 84981361?
1
What is the hundreds digit of 230240452?
4
What is the millions digit of 748071471?
8
What is the millions digit of 150142968?
0
What is the units digit of 3579748095?
5
What is the hundred thousands digit of 366586167?
5
What is the hundred millions digit of 146317178?
1
What is the hundreds digit of 247283036?
0
What is the hundred millions digit of 875762351?
8
What is the units digit of 471595764?
4
What is the hundreds digit of 1225277888?
8
What is the ten millions digit of 381536185?
8
What is the millions digit of 21103837?
1
What is the millions digit of 33054529?
3
What is the ten millions digit of 54788256?
5
What is the thousands digit of 89219085?
9
What is the millions digit of 3582865596?
2
What is the ten thousands digit of 21824327?
2
What is the tens digit of 117528959?
5
What is the hundred millions digit of 109841986?
1
What is the units digit of 183284833?
3
What is the hundred thousands digit of 47934302?
9
What is the millions digit of 528678913?
8
What is the tens digit of 1373293269?
6
What is the millions digit of 51456742?
1
What is the tens digit of 211847777?
7
What is the thousands digit of 222696427?
6
What is the ten millions digit of 111480984?
1
What is the millions digit of 10487906?
0
What is the tens digit of 5275371?
7
What is the hundred thousands digit of 3716618717?
6
What is the ten millions digit of 27935249?
2
What is the ten millions digit of 978798901?
7
What is the ten millions digit of 1599591301?
9
What is the ten thousands digit of 95332311?
3
What is the millions digit of 179274978?
9
What is the ten millions digit of 288416696?
8
What is the millions digit of 218937806?
8
What is the hundred millions digit of 2837672686?
8
What is the ten millions digit of 102315276?
0
What is the thousands digit of 685324931?
4
What is the ten thousands digit of 1435092731?
9
What is the ten millions digit of 580758716?
8
What is the hundred thousands digit of 217818430?
8